21639?
2
What is the ten thousands digit of 28398?
2
What is the thousands digit of 2423?
2
What is the units digit of 2889?
9
What is the hundreds digit of 146999?
9
What is the thousands digit of 11148?
1
What is the ten thousands digit of 20349?
2
What is the thousands digit of 1084?
1
What is the tens digit of 1272?
7
What is the thousands digit of 3818?
3
What is the units digit of 7540?
0
What is the thousands digit of 50370?
0
What is the units digit of 29985?
5
What is the hundreds digit of 8529?
5
What is the ten thousands digit of 41249?
4
What is the tens digit of 543?
4
What is the hundreds digit of 13983?
9
What is the units digit of 7175?
5
What is the units digit of 4480?
0
What is the thousands digit of 1232?
1
What is the hundreds digit of 34884?
8
What is the units digit of 15174?
4
What is the tens digit of 1780?
8
What is the units digit of 89015?
5
What is the ten thousands digit of 17999?
1
What is the thousands digit of 33572?
3
What is the thousands digit of 1140?
1
What is the units digit of 547?
7
What is the tens digit of 5117?
1
What is the ten thousands digit of 19026?
1
What is the thousands digit of 39533?
9
What is the units digit of 4245?
5
What is the tens digit of 4675?
7
What is the hundreds digit of 937?
9
What is the ten thousands digit of 39280?
3
What is the thousands digit of 32985?
2
What is the units digit of 1312?
2
What is the tens digit of 114769?
6
What is the hundreds digit of 722?
7
What is the units digit of 2666?
6
What is the hundreds digit of 213?
2
What is the tens digit of 32603?
0
What is the units digit of 18292?
2
What is the thousands digit of 11298?
1
What is the units digit of 688?
8
What is the tens digit of 29450?
5
What is the units digit of 5565?
5
What is the tens digit of 189?
8
What is the hundreds digit of 4803?
8
What is the units digit of 35984?
4
What is the hundreds digit of 1249?
2
What is the units digit of 5?
5
What is the tens digit of 1745?
4
What is the tens digit of 6803?
0
What is the units digit of 67692?
2
What is the thousands digit of 1813?
1
What is the thousands digit of 52965?
2
What is the hundreds digit of 465?
4
What is the tens digit of 6301?
0
What is the units digit of 4289?
9
What is the hundreds digit of 475?
4
What is the ten thousands digit of 29881?
2
What is the units digit of 964?
4
What is the units digit of 1009?
9
What is the units digit of 8957?
7
What is the ten thousands digit of 34103?
3
What is the hundreds digit of 28997?
9
What is the units digit of 135288?
8
What is the thousands digit of 2641?
2
What is the tens digit of 12601?
0
What is the hundreds digit of 8236?
2
What is the hundreds digit of 1108?
1
What is the units digit of 22415?
5
What is the units digit of 743?
3
What is the units digit of 774?
4
What is the tens digit of 6871?
7
What is the thousands digit of 20691?
0
What is the units digit of 26864?
4
What is the tens digit of 2788?
8
What is the hundreds digit of 15264?
2
What is the ten thousands digit of 16330?
1
What is the thousands digit of 44637?
4
What is the thousands digit of 8528?
8
What is the hundreds digit of 25874?
8
What is the thousands digit of 4096?
4
What is the tens digit of 238?
3
What is the tens digit of 768?
6
What is the hundreds digit of 7436?
4
What is the tens digit of 997?
9
What is the thousands digit of 6927?
6
What is the thousands digit of 13029?
3
What is the ten thousands digit of 23968?
2
What is the thousands digit of 37460?
7
What is the units digit of 2546?
6
What is the ten thousands digit of 27268?
2
What is the hundreds digit of 4054?
0
What is the tens digit of 2051?
5
What is the tens digit of 6405?
0
What is the units digit of 461?
1
What is the units digit of 1104?
4
What is the tens digit of 1410?
1
What is the tens digit of 55540?
4
What is the thousands digit of 41415?
1
What is the units digit of 3799?
9
What is the thousands digit of 24484?
4
What is the hundreds digit of 360?
3
What is the tens digit of 136?
3
What is the hundreds digit of 39894?
8
What is the units digit of 15820?
0
What is the tens digit of 700?
0
What is the hundreds digit of 32071?
0
What is the units digit of 205?
5
What is the ten thousands digit of 25434?
2
What is the thousands digit of 1710?
1
What is the thousands digit of 34770?
4
What is the thousands digit of 21736?
1
What is the tens digit of 3451?
5
What is the thousands digit of 5142?
5
What is the hundreds digit of 395?
3
What is the units digit of 790?
0
What is the tens digit of 1102?
0
What is the units digit of 4869?
9
What is the units digit of 1038?
8
What is the tens digit of 29216?
1
What is the units digit of 4044?
4
What is the thousands digit of 6283?
6
What is the tens digit of 663?
6
What is the units digit of 1097?
7
What is the units digit of 336?
6
What is the thousands digit of 61097?
1
What is the units digit of 6420?
0
What is the units digit of 17092?
2
What is the units digit of 3319?
9
What is the units digit of 1566?
6
What is the hundreds digit of 6682?
6
What is the thousands digit of 46336?
6
What is the ten thousands digit of 62364?
6
What is the tens digit of 12109?
0
What is the ten thousands digit of 115918?
1
What is the tens digit of 21518?
1
What is the units digit of 122004?
4
What is the units digit of 91807?
7
What is the hundreds digit of 311?
3
What is the tens digit of 349?
4
What is the thousands digit of 2101?
2
What is the hundreds digit of 679?
6
What is the units digit of 776?
6
What is the hundreds digit of 51787?
7
What is the tens digit of 520?
2
What is the units digit of 216?
6
What is the thousands digit of 18940?
8
What is the ten thousands digit of 28825?
2
What is the units digit of 217?
7
What is the units digit of 1221?
1
What is the thousands digit of 5478?
5
What is the thousands digit of 3501?
3
What is the tens digit of 2596?
9
What is the tens digit of 9099?
9
What is the thousands digit of 10684?
0
What is the thousands digit of 55508?
5
What is the tens digit of 605?
0
What is the hundreds digit of 42805?
8
What is the tens digit of 604?
0
What is the hundreds digit of 707?
7
What is the hundreds digit of 8450?
4
What is the hundreds digit of 917?
9
What is the units digit of 442?
2
What is the units digit of 25140?
0
What is the thousands digit of 10734?
0
What is the thousands digit of 4915?
4
What is the hundreds digit of 614?
6
What is the tens digit of 14037?
3
What is the units digit of 5282?
2
What is the units digit of 26708?
8
What is the hundreds digit of 3348?
3
What is the ten thousands digit of 101291?
0
What is the hundreds digit of 756?
7
What is the hundreds digit of 2058?
0
What is the hundreds digit of 6528?
5
What is the ten thousands digit of 36074?
3
What is the ten thousands digit of 84993?
8
What is the tens digit of 176?
7
What is the tens digit of 1410?
1
What is the tens digit of 2773?
7
What is the hundreds digit of 57182?
1
What is the tens digit of 5202?
0
What is the units digit of 1642?
2
What is the hundreds digit of 18482?
4
What is the hundreds digit of 8265?
2
What is the tens digit of 56022?
2
What is the ten thousands digit of 51201?
5
What is the hundreds digit of 605?
6
What is the thousands digit of 5726?
5
What is the thousands digit of 16091?
6
What is the units digit of 142394?
4
What is the units digit of 795?
5
What is the tens digit of 1417?
1
What is the thousands digit of 1449?
1
What is the units digit of 619?
9
What is the tens digit of 596?
9
What is the ten thousands digit of 145822?
4
What is the thousands digit of 2510?
2
What is the tens digit of 6589?
8
What is the thousands digit of 1082?
1
What is the tens digit of 915?
1
What is the units digit of 1140?
0
What is the thousands digit of 76999?
6
What is the hundreds digit of 12827?
8
What is the tens digit of 13317?
1
What is the units digit of 18663?
3
What is the tens digit of 2689?
8
What is the tens digit of 74651?
5
What is the thousands digit of 10768?
0
What is the units digit of 10194?
4
What is the units digit of 759?
9
What is the tens digit of 12866?
6
What is the hundreds digit of 817?
8
What is the ten thousands digit of 50585?
5
What is the tens digit of 6658?
5
What is the tens digit of 677?
7
What is the units digit of 24771?
1
What is the ten th